{"id":108,"date":"2024-02-17T18:58:57","date_gmt":"2024-02-17T17:58:57","guid":{"rendered":"https:\/\/aelle-arts.fr\/?page_id=108"},"modified":"2024-02-18T16:21:55","modified_gmt":"2024-02-18T15:21:55","slug":"galerie-tableaux","status":"publish","type":"page","link":"https:\/\/aelle-arts.fr\/index.php\/galerie-tableaux\/","title":{"rendered":"Galerie : tableaux"},"content":{"rendered":"","protected":false},"excerpt":{"rendered":"","protected":false},"author":1,"featured_media":0,"parent":0,"menu_order":0,"comment_status":"closed","ping_status":"closed","template":"","meta":{"_EventAllDay":false,"_EventTimezone":"","_EventStartDate":"","_EventEndDate":"","_EventStartDateUTC":"","_EventEndDateUTC":"","_EventShowMap":false,"_EventShowMapLink":false,"_EventURL":"","_EventCost":"","_EventCostDescription":"","_EventCurrencySymbol":"","_EventCurrencyCode":"","_EventCurrencyPosition":"","_EventDateTimeSeparator":"","_EventTimeRangeSeparator":"","_EventOrganizerID":[],"_EventVenueID":[],"_OrganizerEmail":"","_OrganizerPhone":"","_OrganizerWebsite":"","_VenueAddress":"","_VenueCity":"","_VenueCountry":"","_VenueProvince":"","_VenueState":"","_VenueZip":"","_VenuePhone":"","_VenueURL":"","_VenueStateProvince":"","_VenueLat":"","_VenueLng":"","_VenueShowMap":false,"_VenueShowMapLink":false,"footnotes":""},"folder":[],"class_list":["post-108","page","type-page","status-publish","hentry"],"yoast_head":"<!-- This site is optimized with the Yoast SEO plugin v27.3 - https:\/\/yoast.com\/product\/yoast-seo-wordpress\/ -->\n<title>Galerie : tableaux - A\u00eblle Arts<\/title>\n<meta name=\"robots\" content=\"index, follow, max-snippet:-1, max-image-preview:large, max-video-preview:-1\" \/>\n<link rel=\"canonical\" href=\"https:\/\/aelle-arts.fr\/index.php\/galerie-tableaux\/\" \/>\n<meta property=\"og:locale\" content=\"fr_FR\" \/>\n<meta property=\"og:type\" content=\"article\" \/>\n<meta property=\"og:title\" content=\"Galerie : tableaux - A\u00eblle Arts\" \/>\n<meta property=\"og:url\" content=\"https:\/\/aelle-arts.fr\/index.php\/galerie-tableaux\/\" \/>\n<meta property=\"og:site_name\" content=\"A\u00eblle Arts\" \/>\n<meta property=\"article:publisher\" content=\"https:\/\/www.facebook.com\/aelle.arts\/\" \/>\n<meta property=\"article:modified_time\" content=\"2024-02-18T15:21:55+00:00\" \/>\n<script type=\"application\/ld+json\" class=\"yoast-schema-graph\">{\"@context\":\"https:\\\/\\\/schema.org\",\"@graph\":[{\"@type\":\"WebPage\",\"@id\":\"https:\\\/\\\/aelle-arts.fr\\\/index.php\\\/galerie-tableaux\\\/\",\"url\":\"https:\\\/\\\/aelle-arts.fr\\\/index.php\\\/galerie-tableaux\\\/\",\"name\":\"Galerie : tableaux - A\u00eblle Arts\",\"isPartOf\":{\"@id\":\"https:\\\/\\\/aelle-arts.fr\\\/#website\"},\"datePublished\":\"2024-02-17T17:58:57+00:00\",\"dateModified\":\"2024-02-18T15:21:55+00:00\",\"breadcrumb\":{\"@id\":\"https:\\\/\\\/aelle-arts.fr\\\/index.php\\\/galerie-tableaux\\\/#breadcrumb\"},\"inLanguage\":\"fr-FR\",\"potentialAction\":[{\"@type\":\"ReadAction\",\"target\":[\"https:\\\/\\\/aelle-arts.fr\\\/index.php\\\/galerie-tableaux\\\/\"]}]},{\"@type\":\"BreadcrumbList\",\"@id\":\"https:\\\/\\\/aelle-arts.fr\\\/index.php\\\/galerie-tableaux\\\/#breadcrumb\",\"itemListElement\":[{\"@type\":\"ListItem\",\"position\":1,\"name\":\"Accueil\",\"item\":\"https:\\\/\\\/aelle-arts.fr\\\/\"},{\"@type\":\"ListItem\",\"position\":2,\"name\":\"Galerie : tableaux\"}]},{\"@type\":\"WebSite\",\"@id\":\"https:\\\/\\\/aelle-arts.fr\\\/#website\",\"url\":\"https:\\\/\\\/aelle-arts.fr\\\/\",\"name\":\"A\u00eblle Arts\",\"description\":\"G\u00e9om\u00e9trie sacr\u00e9e, Yantras &amp; Illustrations\",\"publisher\":{\"@id\":\"https:\\\/\\\/aelle-arts.fr\\\/#organization\"},\"potentialAction\":[{\"@type\":\"SearchAction\",\"target\":{\"@type\":\"EntryPoint\",\"urlTemplate\":\"https:\\\/\\\/aelle-arts.fr\\\/?s={search_term_string}\"},\"query-input\":{\"@type\":\"PropertyValueSpecification\",\"valueRequired\":true,\"valueName\":\"search_term_string\"}}],\"inLanguage\":\"fr-FR\"},{\"@type\":\"Organization\",\"@id\":\"https:\\\/\\\/aelle-arts.fr\\\/#organization\",\"name\":\"A\u00eblle Arts\",\"url\":\"https:\\\/\\\/aelle-arts.fr\\\/\",\"logo\":{\"@type\":\"ImageObject\",\"inLanguage\":\"fr-FR\",\"@id\":\"https:\\\/\\\/aelle-arts.fr\\\/#\\\/schema\\\/logo\\\/image\\\/\",\"url\":\"https:\\\/\\\/i0.wp.com\\\/aelle-arts.fr\\\/wp-content\\\/uploads\\\/2024\\\/02\\\/Logo01.png?fit=1500%2C1543&ssl=1\",\"contentUrl\":\"https:\\\/\\\/i0.wp.com\\\/aelle-arts.fr\\\/wp-content\\\/uploads\\\/2024\\\/02\\\/Logo01.png?fit=1500%2C1543&ssl=1\",\"width\":1500,\"height\":1543,\"caption\":\"A\u00eblle Arts\"},\"image\":{\"@id\":\"https:\\\/\\\/aelle-arts.fr\\\/#\\\/schema\\\/logo\\\/image\\\/\"},\"sameAs\":[\"https:\\\/\\\/www.facebook.com\\\/aelle.arts\\\/\",\"https:\\\/\\\/www.instagram.com\\\/aelle_arts\\\/\"]}]}<\/script>\n<!-- \/ Yoast SEO plugin. -->","yoast_head_json":{"title":"Galerie : tableaux - A\u00eblle Arts","robots":{"index":"index","follow":"follow","max-snippet":"max-snippet:-1","max-image-preview":"max-image-preview:large","max-video-preview":"max-video-preview:-1"},"canonical":"https:\/\/aelle-arts.fr\/index.php\/galerie-tableaux\/","og_locale":"fr_FR","og_type":"article","og_title":"Galerie : tableaux - A\u00eblle Arts","og_url":"https:\/\/aelle-arts.fr\/index.php\/galerie-tableaux\/","og_site_name":"A\u00eblle Arts","article_publisher":"https:\/\/www.facebook.com\/aelle.arts\/","article_modified_time":"2024-02-18T15:21:55+00:00","schema":{"@context":"https:\/\/schema.org","@graph":[{"@type":"WebPage","@id":"https:\/\/aelle-arts.fr\/index.php\/galerie-tableaux\/","url":"https:\/\/aelle-arts.fr\/index.php\/galerie-tableaux\/","name":"Galerie : tableaux - A\u00eblle Arts","isPartOf":{"@id":"https:\/\/aelle-arts.fr\/#website"},"datePublished":"2024-02-17T17:58:57+00:00","dateModified":"2024-02-18T15:21:55+00:00","breadcrumb":{"@id":"https:\/\/aelle-arts.fr\/index.php\/galerie-tableaux\/#breadcrumb"},"inLanguage":"fr-FR","potentialAction":[{"@type":"ReadAction","target":["https:\/\/aelle-arts.fr\/index.php\/galerie-tableaux\/"]}]},{"@type":"BreadcrumbList","@id":"https:\/\/aelle-arts.fr\/index.php\/galerie-tableaux\/#breadcrumb","itemListElement":[{"@type":"ListItem","position":1,"name":"Accueil","item":"https:\/\/aelle-arts.fr\/"},{"@type":"ListItem","position":2,"name":"Galerie : tableaux"}]},{"@type":"WebSite","@id":"https:\/\/aelle-arts.fr\/#website","url":"https:\/\/aelle-arts.fr\/","name":"A\u00eblle Arts","description":"G\u00e9om\u00e9trie sacr\u00e9e, Yantras &amp; Illustrations","publisher":{"@id":"https:\/\/aelle-arts.fr\/#organization"},"potentialAction":[{"@type":"SearchAction","target":{"@type":"EntryPoint","urlTemplate":"https:\/\/aelle-arts.fr\/?s={search_term_string}"},"query-input":{"@type":"PropertyValueSpecification","valueRequired":true,"valueName":"search_term_string"}}],"inLanguage":"fr-FR"},{"@type":"Organization","@id":"https:\/\/aelle-arts.fr\/#organization","name":"A\u00eblle Arts","url":"https:\/\/aelle-arts.fr\/","logo":{"@type":"ImageObject","inLanguage":"fr-FR","@id":"https:\/\/aelle-arts.fr\/#\/schema\/logo\/image\/","url":"https:\/\/i0.wp.com\/aelle-arts.fr\/wp-content\/uploads\/2024\/02\/Logo01.png?fit=1500%2C1543&ssl=1","contentUrl":"https:\/\/i0.wp.com\/aelle-arts.fr\/wp-content\/uploads\/2024\/02\/Logo01.png?fit=1500%2C1543&ssl=1","width":1500,"height":1543,"caption":"A\u00eblle Arts"},"image":{"@id":"https:\/\/aelle-arts.fr\/#\/schema\/logo\/image\/"},"sameAs":["https:\/\/www.facebook.com\/aelle.arts\/","https:\/\/www.instagram.com\/aelle_arts\/"]}]}},"jetpack_shortlink":"https:\/\/wp.me\/PfxdgV-1K","jetpack_sharing_enabled":true,"_links":{"self":[{"href":"https:\/\/aelle-arts.fr\/index.php\/wp-json\/wp\/v2\/pages\/108","targetHints":{"allow":["GET"]}}],"collection":[{"href":"https:\/\/aelle-arts.fr\/index.php\/wp-json\/wp\/v2\/pages"}],"about":[{"href":"https:\/\/aelle-arts.fr\/index.php\/wp-json\/wp\/v2\/types\/page"}],"author":[{"embeddable":true,"href":"https:\/\/aelle-arts.fr\/index.php\/wp-json\/wp\/v2\/users\/1"}],"replies":[{"embeddable":true,"href":"https:\/\/aelle-arts.fr\/index.php\/wp-json\/wp\/v2\/comments?post=108"}],"version-history":[{"count":1,"href":"https:\/\/aelle-arts.fr\/index.php\/wp-json\/wp\/v2\/pages\/108\/revisions"}],"predecessor-version":[{"id":109,"href":"https:\/\/aelle-arts.fr\/index.php\/wp-json\/wp\/v2\/pages\/108\/revisions\/109"}],"wp:attachment":[{"href":"https:\/\/aelle-arts.fr\/index.php\/wp-json\/wp\/v2\/media?parent=108"}],"wp:term":[{"taxonomy":"folder","embeddable":true,"href":"https:\/\/aelle-arts.fr\/index.php\/wp-json\/wp\/v2\/folder?post=108"}],"curies":[{"name":"wp","href":"https:\/\/api.w.org\/{rel}","templated":true}]}}